{"id":87,"date":"2015-09-26T17:57:21","date_gmt":"2015-09-26T17:57:21","guid":{"rendered":"http:\/\/www.point-editions.com\/?page_id=87"},"modified":"2023-06-14T20:22:43","modified_gmt":"2023-06-14T21:22:43","slug":"foundation-ithaca","status":"publish","type":"page","link":"https:\/\/www.point-editions.com\/en\/about-point\/foundation-ithaca\/","title":{"rendered":"Foundation ITHACA"},"content":{"rendered":"<p><\/p>\n<p class=\"Normal-P\" style=\"margin-top: 12pt; margin-bottom: 12pt; text-align: center; direction: ltr; unicode-bidi: normal;\"><span class=\"Normal-H\"><span style=\"; font-weight: bold; color: gray; font-size: 18pt; text-decoration: none underline;\">The <\/span><span style=\"; font-weight: bold; color: gray; font-size: 18pt; text-decoration: none underline;\">Cultural<\/span><span style=\"; font-weight: bold; color: gray; font-size: 18pt; text-decoration: none underline;\">Foundation ITHACA<\/span><\/span><\/p>\n<p class=\"Normal-P\" style=\"margin-bottom: 0pt; direction: ltr; unicode-bidi: normal;\"><span class=\"Normal-H\"><span style=\"; font-weight: bold; color: gray; font-size: 9pt; text-decoration: none underline;\"><img decoding=\"async\" loading=\"lazy\" class=\"aligncenter\" src=\"http:\/\/www.point-editions.com\/wp-content\/uploads\/2016\/09\/1475060424_image1.jpeg\" alt=\"\" width=\"321.454593175853px \" height=\"218.859422572178px \" data-link=\"\" \/><\/span><\/span><\/p>\n<p style=\"text-align: center;\">AN INTERNATIONAL CULTURAL BRIDGE<\/p>\n<p style=\"text-align: justify;\">Founded in 2008 as a Spanish sister foundation of the Belgian publishing house POINT Editions, founded in 1984, the cultural foundation ITHACA has rapidly built up an international fame as organizer of multilingual poetry recitals, splendid music performances and exhibitions of paintings by excellent artists, receiving offers by national and international artists, interested in cooperation. The foundation cooperates with several cultural centres and Universities, but The Poetic Evening Concerts of Ithaca, yearly organized at the seat of the foundation in Altea (Alicante), Spain, are its most important cultural event, yearly organized at the seat of the foundation in Altea (Alicante), Spain.<\/p>\n<p style=\"text-align: justify;\">The objective of the Foundation ITHACA is to be a cultural bridge for Spanish artists, poets and musicians to other countries and vice versa. The Foundation organized already several cultural activities in Spain, concerts, poetry readings and exhibitions of paintings and sculptures by well-known Spanish and foreign artists<\/p>\n<p style=\"text-align: justify;\">Exhibitions of paintings: The Foundation organized exhibitions of paintings by and sculptures by the world famous Indian artist Satish Gupta, by the Belgian artists Frans Minnaert, Roland Monteyne, Felix Roulin and Yves Rhay\u00e9. By the German: Siegfried Reich an der Stolpe, by the English Allan Smallwood, by the India Satish Gupta, by the Spanish Luis Pla, Riera I Arag\u00f3 and Fernando de Quir\u00f3z, by the Chilean V\u00edctor Ram\u00edrez, the Brazilian Gra\u00e7a Marquez, the Chinese Lo Ch\u2019ing and Wang Lee from Taiwan, the Swiss Verena Eichenberger\u2026<\/p>\n<p style=\"text-align: justify;\">Publications: The Foundation ITHACA published as well several scores: \u201cQuatre Pieces pour viola et guitare\u201d by the French composer Thierry Laforge and \u201cDos meditaciones para guitarra\u201d by the Spanish composer Valent\u00edn Bielsa, as well as several books, including \u201dLa jota en la comarca de la Sierra de Segura\u201d and \u201cCancionero de la Sierra de Segura\u201d by Marina Garc\u00eda Jim\u00e9nez.<\/p>\n<p style=\"text-align: justify;\">Cultural cooperation<\/p>\n<p style=\"text-align: justify;\">In Spain: the foundation cooperated with the Liceo Po\u00e9tico de Benidorm to organize a homage to the late Uruguayan poet Mario Benedetti, with Denia Classics, with the Curso &amp; Concurso Internacional de M\u00fasica de Benidorm, with the Jornades de Guitarra \u201cCiutat de D\u00e9nia\u201d, organized in Altea a Gala to support the humanitarian organisation Visi\u00f3 Sense Fronteres. Organized poetry &amp; music recitals as well, as exhibitions at the cultural centres of Alfas del Pi, Alicante, Calpe, Denia, Elda, La Nuc\u00eda, Petrer\u2026<\/p>\n<p style=\"text-align: justify;\">International: The foundations Ithaca cooperates with POINT Editions (Belgium), The Academy Mihay Aminescu, organisator of the International Poetry Festival in Craiova (Romania), with JUNPA (Japan Universal Poets Association, Japan), with Margutte (Italy), with Poieinkaiprattein (Greece) and\u00a0 Cross-culturalcommunications (USA).<\/p>\n<p style=\"text-align: justify;\">International representations<\/p>\n<p style=\"text-align: justify;\">ARAB COUNTRIES: Professor, author Dr. Benaissa Bouhmala<\/p>\n<p style=\"text-align: justify;\">AUSTRALIA: poet, translator, publisher George Roca<\/p>\n<p style=\"text-align: justify;\">BANGLADESH: poet, organizer Aminur Rahman<\/p>\n<p style=\"text-align: justify;\">CHINA: Dr. Li Dingjun, professor, poet, translator (poet\u2019s name Hai An).<\/p>\n<p style=\"text-align: justify;\">ITALY: poet, translator, organizer Laura Garavaglia<\/p>\n<p style=\"text-align: justify;\">MONGOLIA: poet, publisher .Mend-Ooyo,<\/p>\n<p style=\"text-align: justify;\">ROMANIA: poet, organizer Ion Deaconescu, author, translator Gabriela C\u0103lu\u021biu Sonnenberg<\/p>\n<p style=\"text-align: justify;\">RUSSIA: professor, poet, translator Viacheslav Kuprianov,<\/p>\n<p style=\"text-align: justify;\">SLOVAKIA: poet, translator , editor Dr. Milan Richter.<\/p>\n<p style=\"text-align: justify;\">JAPAN: Mrs Mariko\u00a0 Sumikura and Taeko Uemura, poets, translators<\/p>\n<p style=\"text-align: justify;\">USA: poet, translator, editor Stanley H. Barkan,<\/p>\n<p style=\"text-align: justify;\">For the local cultural activities in SPAIN: music director, Vicent Ballester, Luis Pla (painting), Rafael Carcel\u00e9n (poetry), Marijke &amp; Marius van Wijk (Dutch contacts),\u00a0 Gabriela C\u0103lu\u021biu Sonnenberg (contacts with Romania), Uta (German contacts).<\/p>\n<p style=\"text-align: justify;\">The Poetic Evening Concerts of ITHACA<\/p>\n<p style=\"text-align: justify;\">The cultural Foundation Ithaca organizes every year in July and August 5 Sundays concerts of classical music by excellent Spanish and foreign musicians, poetry recitals in 5-6 languages and exhibitions of paintings and sculptures by excellent Spanish and foreign artist.<\/p>\n<p style=\"text-align: justify;\">Any proposal of a \u2013 professional &#8211; cultural exchange project with the Foundation is welcome and will be carefully studied. Mail to: elpoeta@point-editions.com<\/p>\n<p style=\"text-align: justify;\">September 2015: in Craiova, Romania<\/p>\n<p style=\"text-align: justify;\">16th till 20th September<\/p>\n<p style=\"text-align: justify;\">\u201cInternational Poetry Festival Mihai Eminescu\u201d with participation of more than 40 poets from all over the world<\/p>\n<p style=\"text-align: justify;\">October 2015: in Zagreb, Croatia<\/p>\n<p style=\"text-align: justify;\">1st till 4th October<\/p>\n<p style=\"text-align: justify;\">\u201cZagreb Literary Talks\u201d<\/p>\n<p style=\"text-align: justify;\">With poets and authors from several countries<\/p>\n<p style=\"text-align: justify;\">October 2015: in Antwerp, Belgium<\/p>\n<p style=\"text-align: justify;\">31st October,<\/p>\n<p style=\"text-align: justify;\">Opening of the 79th Book Fair in Antwerp, where POINT Editions exhibits till the 11th November.<\/p>\n<p style=\"text-align: justify;\">November 2015: in Antwerp, Belgium<\/p>\n<p style=\"text-align: justify;\">till the 11th November, POINT exhibits its publications of modern international poetry at the Book Fair in Antwerp, Belgium.<\/p>\n<p style=\"text-align: justify;\">November 2015: in Denia, Spain<\/p>\n<p style=\"text-align: justify;\">\u201cLa Noche del Flamenco\u201d, repetition of the \u201cPoetic Evening Concert of Ithaca\u201d which had been\u00a0 sold out, with the legendary flamenco guitar player \u201cSerranito\u201d and Vicent Ballester<\/p>\n<p style=\"text-align: justify;\">More details will be added as soon as they are available<\/p>\n<p style=\"text-align: justify;\">________________________________________<\/p>\n<p style=\"text-align: justify;\">POINT Editions: poems from the world&#8217;s best<\/p>\n<p style=\"text-align: justify;\">known and unknown poets in English, Spanish, Dutch and Arab<\/p>\n<p style=\"text-align: justify;\">Already more than 130.000 visits<\/p>\n<p style=\"text-align: justify;\">http:\/\/www.point-editions.com<\/p>\n<p><\/p>","protected":false},"excerpt":{"rendered":"<p>The CulturalFoundation ITHACA AN INTERNATIONAL CULTURAL BRIDGE Founded in 2008 as a Spanish sister foundation of the Belgian publishing house POINT Editions, founded in 1984, the cultural foundation ITHACA has rapidly built up an international fame as organizer of multilingual poetry recitals, splendid music performances and exhibitions of paintings by excellent artists, receiving offers by [&hellip;]<\/p>\n","protected":false},"author":1,"featured_media":0,"parent":73,"menu_order":0,"comment_status":"closed","ping_status":"closed","template":"page-fullwidth.php","meta":{"_wp_rev_ctl_limit":""},"_links":{"self":[{"href":"https:\/\/www.point-editions.com\/en\/wp-json\/wp\/v2\/pages\/87"}],"collection":[{"href":"https:\/\/www.point-editions.com\/en\/wp-json\/wp\/v2\/pages"}],"about":[{"href":"https:\/\/www.point-editions.com\/en\/wp-json\/wp\/v2\/types\/page"}],"author":[{"embeddable":true,"href":"https:\/\/www.point-editions.com\/en\/wp-json\/wp\/v2\/users\/1"}],"replies":[{"embeddable":true,"href":"https:\/\/www.point-editions.com\/en\/wp-json\/wp\/v2\/comments?post=87"}],"version-history":[{"count":3,"href":"https:\/\/www.point-editions.com\/en\/wp-json\/wp\/v2\/pages\/87\/revisions"}],"predecessor-version":[{"id":6074,"href":"https:\/\/www.point-editions.com\/en\/wp-json\/wp\/v2\/pages\/87\/revisions\/6074"}],"up":[{"embeddable":true,"href":"https:\/\/www.point-editions.com\/en\/wp-json\/wp\/v2\/pages\/73"}],"wp:attachment":[{"href":"https:\/\/www.point-editions.com\/en\/wp-json\/wp\/v2\/media?parent=87"}],"curies":[{"name":"wp","href":"https:\/\/api.w.org\/{rel}","templated":true}]}}

<p></p>
<p class="Normal-P" style="margin-top: 12pt; margin-bottom: 12pt; text-align: center; direction: ltr; unicode-bidi: normal;"><span class="Normal-H"><span style="; font-weight: bold; color: gray; font-size: 18pt; text-decoration: none underline;">The </span><span style="; font-weight: bold; color: gray; font-size: 18pt; text-decoration: none underline;">Cultural</span><span style="; font-weight: bold; color: gray; font-size: 18pt; text-decoration: none underline;">Foundation ITHACA</span></span></p>
<p class="Normal-P" style="margin-bottom: 0pt; direction: ltr; unicode-bidi: normal;"><span class="Normal-H"><span style="; font-weight: bold; color: gray; font-size: 9pt; text-decoration: none underline;"><img decoding="async" loading="lazy" class="aligncenter" src="http://www.point-editions.com/wp-content/uploads/2016/09/1475060424_image1.jpeg" alt="" width="321.454593175853px " height="218.859422572178px " data-link="" /></span></span></p>
<p style="text-align: center;">AN INTERNATIONAL CULTURAL BRIDGE</p>
<p style="text-align: justify;">Founded in 2008 as a Spanish sister foundation of the Belgian publishing house POINT Editions, founded in 1984, the cultural foundation ITHACA has rapidly built up an international fame as organizer of multilingual poetry recitals, splendid music performances and exhibitions of paintings by excellent artists, receiving offers by national and international artists, interested in cooperation. The foundation cooperates with several cultural centres and Universities, but The Poetic Evening Concerts of Ithaca, yearly organized at the seat of the foundation in Altea (Alicante), Spain, are its most important cultural event, yearly organized at the seat of the foundation in Altea (Alicante), Spain.</p>
<p style="text-align: justify;">The objective of the Foundation ITHACA is to be a cultural bridge for Spanish artists, poets and musicians to other countries and vice versa. The Foundation organized already several cultural activities in Spain, concerts, poetry readings and exhibitions of paintings and sculptures by well-known Spanish and foreign artists</p>
<p style="text-align: justify;">Exhibitions of paintings: The Foundation organized exhibitions of paintings by and sculptures by the world famous Indian artist Satish Gupta, by the Belgian artists Frans Minnaert, Roland Monteyne, Felix Roulin and Yves Rhayé. By the German: Siegfried Reich an der Stolpe, by the English Allan Smallwood, by the India Satish Gupta, by the Spanish Luis Pla, Riera I Aragó and Fernando de Quiróz, by the Chilean Víctor Ramírez, the Brazilian Graça Marquez, the Chinese Lo Ch’ing and Wang Lee from Taiwan, the Swiss Verena Eichenberger…</p>
<p style="text-align: justify;">Publications: The Foundation ITHACA published as well several scores: “Quatre Pieces pour viola et guitare” by the French composer Thierry Laforge and “Dos meditaciones para guitarra” by the Spanish composer Valentín Bielsa, as well as several books, including ”La jota en la comarca de la Sierra de Segura” and “Cancionero de la Sierra de Segura” by Marina García Jiménez.</p>
<p style="text-align: justify;">Cultural cooperation</p>
<p style="text-align: justify;">In Spain: the foundation cooperated with the Liceo Poético de Benidorm to organize a homage to the late Uruguayan poet Mario Benedetti, with Denia Classics, with the Curso &amp; Concurso Internacional de Música de Benidorm, with the Jornades de Guitarra “Ciutat de Dénia”, organized in Altea a Gala to support the humanitarian organisation Visió Sense Fronteres. Organized poetry &amp; music recitals as well, as exhibitions at the cultural centres of Alfas del Pi, Alicante, Calpe, Denia, Elda, La Nucía, Petrer…</p>
<p style="text-align: justify;">International: The foundations Ithaca cooperates with POINT Editions (Belgium), The Academy Mihay Aminescu, organisator of the International Poetry Festival in Craiova (Romania), with JUNPA (Japan Universal Poets Association, Japan), with Margutte (Italy), with Poieinkaiprattein (Greece) and  Cross-culturalcommunications (USA).</p>
<p style="text-align: justify;">International representations</p>
<p style="text-align: justify;">ARAB COUNTRIES: Professor, author Dr. Benaissa Bouhmala</p>
<p style="text-align: justify;">AUSTRALIA: poet, translator, publisher George Roca</p>
<p style="text-align: justify;">BANGLADESH: poet, organizer Aminur Rahman</p>
<p style="text-align: justify;">CHINA: Dr. Li Dingjun, professor, poet, translator (poet’s name Hai An).</p>
<p style="text-align: justify;">ITALY: poet, translator, organizer Laura Garavaglia</p>
<p style="text-align: justify;">MONGOLIA: poet, publisher .Mend-Ooyo,</p>
<p style="text-align: justify;">ROMANIA: poet, organizer Ion Deaconescu, author, translator Gabriela Căluțiu Sonnenberg</p>
<p style="text-align: justify;">RUSSIA: professor, poet, translator Viacheslav Kuprianov,</p>
<p style="text-align: justify;">SLOVAKIA: poet, translator , editor Dr. Milan Richter.</p>
<p style="text-align: justify;">JAPAN: Mrs Mariko  Sumikura and Taeko Uemura, poets, translators</p>
<p style="text-align: justify;">USA: poet, translator, editor Stanley H. Barkan,</p>
<p style="text-align: justify;">For the local cultural activities in SPAIN: music director, Vicent Ballester, Luis Pla (painting), Rafael Carcelén (poetry), Marijke &amp; Marius van Wijk (Dutch contacts),  Gabriela Căluțiu Sonnenberg (contacts with Romania), Uta (German contacts).</p>
<p style="text-align: justify;">The Poetic Evening Concerts of ITHACA</p>
<p style="text-align: justify;">The cultural Foundation Ithaca organizes every year in July and August 5 Sundays concerts of classical music by excellent Spanish and foreign musicians, poetry recitals in 5-6 languages and exhibitions of paintings and sculptures by excellent Spanish and foreign artist.</p>
<p style="text-align: justify;">Any proposal of a – professional &#8211; cultural exchange project with the Foundation is welcome and will be carefully studied. Mail to: elpoeta@point-editions.com</p>
<p style="text-align: justify;">September 2015: in Craiova, Romania</p>
<p style="text-align: justify;">16th till 20th September</p>
<p style="text-align: justify;">“International Poetry Festival Mihai Eminescu” with participation of more than 40 poets from all over the world</p>
<p style="text-align: justify;">October 2015: in Zagreb, Croatia</p>
<p style="text-align: justify;">1st till 4th October</p>
<p style="text-align: justify;">“Zagreb Literary Talks”</p>
<p style="text-align: justify;">With poets and authors from several countries</p>
<p style="text-align: justify;">October 2015: in Antwerp, Belgium</p>
<p style="text-align: justify;">31st October,</p>
<p style="text-align: justify;">Opening of the 79th Book Fair in Antwerp, where POINT Editions exhibits till the 11th November.</p>
<p style="text-align: justify;">November 2015: in Antwerp, Belgium</p>
<p style="text-align: justify;">till the 11th November, POINT exhibits its publications of modern international poetry at the Book Fair in Antwerp, Belgium.</p>
<p style="text-align: justify;">November 2015: in Denia, Spain</p>
<p style="text-align: justify;">“La Noche del Flamenco”, repetition of the “Poetic Evening Concert of Ithaca” which had been  sold out, with the legendary flamenco guitar player “Serranito” and Vicent Ballester</p>
<p style="text-align: justify;">More details will be added as soon as they are available</p>
<p style="text-align: justify;">________________________________________</p>
<p style="text-align: justify;">POINT Editions: poems from the world&#8217;s best</p>
<p style="text-align: justify;">known and unknown poets in English, Spanish, Dutch and Arab</p>
<p style="text-align: justify;">Already more than 130.000 visits</p>
<p style="text-align: justify;">http://www.point-editions.com</p>
<p></p>
